{"id":2905,"date":"2026-04-06T14:42:42","date_gmt":"2026-04-06T12:42:42","guid":{"rendered":"https:\/\/www.ecohabitat.corsica\/devnewsite2\/?page_id=2905"},"modified":"2026-04-06T14:45:24","modified_gmt":"2026-04-06T12:45:24","slug":"politique-de-confidentialite","status":"publish","type":"page","link":"https:\/\/www.ecohabitat.corsica\/devnewsite2\/politique-de-confidentialite\/","title":{"rendered":"Politique de confidentialit\u00e9"},"content":{"rendered":"\t\t<div data-elementor-type=\"wp-page\" data-elementor-id=\"2905\" class=\"elementor elementor-2905\" data-elementor-post-type=\"page\">\n\t\t\t\t<div class=\"elementor-element elementor-element-666234f e-flex e-con-boxed e-con e-parent\" data-id=\"666234f\" data-element_type=\"container\" data-e-type=\"container\">\n\t\t\t\t\t<div class=\"e-con-inner\">\n\t\t<div class=\"elementor-element elementor-element-9969540 e-flex e-con-boxed e-con e-child\" data-id=\"9969540\" data-element_type=\"container\" data-e-type=\"container\">\n\t\t\t\t\t<div class=\"e-con-inner\">\n\t\t<div class=\"elementor-element elementor-element-ad746c6 e-con-full e-flex e-con e-child\" data-id=\"ad746c6\" data-element_type=\"container\" data-e-type=\"container\">\n\t\t<div class=\"elementor-element elementor-element-81f320e e-con-full e-flex e-con e-child\" data-id=\"81f320e\" data-element_type=\"container\" data-e-type=\"container\">\n\t\t\t\t<div class=\"elementor-element elementor-element-dea4476 elementor-widget elementor-widget-heading\" data-id=\"dea4476\" data-element_type=\"widget\" data-e-type=\"widget\" data-widget_type=\"heading.default\">\n\t\t\t\t\t<h1 class=\"elementor-heading-title elementor-size-default\">Politique de confidentialit\u00e9<\/h1>\t\t\t\t<\/div>\n\t\t\t\t<div class=\"elementor-element elementor-element-f4152fb elementor-widget elementor-widget-text-editor\" data-id=\"f4152fb\" data-element_type=\"widget\" data-e-type=\"widget\" data-widget_type=\"text-editor.default\">\n\t\t\t\t\t\t\t\t\t<p data-start=\"1659\" data-end=\"1842\">La pr\u00e9sente politique de confidentialit\u00e9 d\u00e9crit comment EcoHabitat collecte et utilise vos donn\u00e9es personnelles conform\u00e9ment au R\u00e8glement G\u00e9n\u00e9ral sur la Protection des Donn\u00e9es (RGPD).<br \/><br \/><\/p><h3 data-section-id=\"1ddcmgg\" data-start=\"1849\" data-end=\"1870\">Donn\u00e9es collect\u00e9es<\/h3><p data-start=\"1872\" data-end=\"1946\">Lors de l\u2019utilisation du site, certaines donn\u00e9es peuvent \u00eatre collect\u00e9es :<\/p><ul data-start=\"1948\" data-end=\"2044\"><li data-section-id=\"1o4byc\" data-start=\"1948\" data-end=\"1953\">Nom<\/li><li data-section-id=\"2ub3zn\" data-start=\"1954\" data-end=\"1969\">Adresse email<\/li><li data-section-id=\"1s1fqz3\" data-start=\"1970\" data-end=\"1991\">Num\u00e9ro de t\u00e9l\u00e9phone<\/li><li data-section-id=\"1ywqz5o\" data-start=\"1992\" data-end=\"2031\">Informations relatives \u00e0 votre projet<\/li><li data-section-id=\"4rp7gm\" data-start=\"2032\" data-end=\"2044\">Adresse IP<\/li><\/ul><p data-start=\"2046\" data-end=\"2123\">Ces donn\u00e9es sont collect\u00e9es uniquement lorsque vous remplissez un formulaire.<br \/><br \/><\/p><h3 data-section-id=\"peax7u\" data-start=\"2130\" data-end=\"2156\">Finalit\u00e9 de la collecte<\/h3><p data-start=\"2158\" data-end=\"2193\">Les donn\u00e9es collect\u00e9es permettent :<\/p><ul data-start=\"2195\" data-end=\"2349\"><li data-section-id=\"1blualn\" data-start=\"2195\" data-end=\"2223\">de r\u00e9pondre \u00e0 vos demandes<\/li><li data-section-id=\"10zdmx2\" data-start=\"2224\" data-end=\"2249\">d\u2019analyser votre projet<\/li><li data-section-id=\"w83bvs\" data-start=\"2250\" data-end=\"2291\">de v\u00e9rifier votre \u00e9ligibilit\u00e9 aux aides<\/li><li data-section-id=\"1lkh91y\" data-start=\"2292\" data-end=\"2313\">de vous recontacter<\/li><li data-section-id=\"1cvdjgj\" data-start=\"2314\" data-end=\"2349\">d\u2019am\u00e9liorer la qualit\u00e9 du service<br \/><br \/><\/li><\/ul><h3 data-section-id=\"1ikryiu\" data-start=\"2356\" data-end=\"2384\">Base l\u00e9gale du traitement<\/h3><p data-start=\"2386\" data-end=\"2424\">Le traitement des donn\u00e9es repose sur :<\/p><ul data-start=\"2426\" data-end=\"2510\"><li data-section-id=\"1udu4vf\" data-start=\"2426\" data-end=\"2446\">votre consentement<\/li><li data-section-id=\"o2evln\" data-start=\"2447\" data-end=\"2510\">l\u2019int\u00e9r\u00eat l\u00e9gitime d\u2019EcoHabitat pour r\u00e9pondre \u00e0 votre demande<br \/><br \/><\/li><\/ul><h3 data-section-id=\"1ozehvq\" data-start=\"2517\" data-end=\"2541\">Dur\u00e9e de conservation<\/h3><p data-start=\"2543\" data-end=\"2641\">Vos donn\u00e9es sont conserv\u00e9es uniquement pendant la dur\u00e9e n\u00e9cessaire au traitement de votre demande.<br \/><br \/><\/p><h3 data-section-id=\"1uokcpn\" data-start=\"2648\" data-end=\"2676\">Destinataires des donn\u00e9es<\/h3><p data-start=\"2678\" data-end=\"2732\">Les donn\u00e9es sont destin\u00e9es exclusivement \u00e0 EcoHabitat.<\/p><p data-start=\"2734\" data-end=\"2803\">Elles ne sont ni vendues ni transmises \u00e0 des tiers sans votre accord.<br \/><br \/><\/p><h3 data-section-id=\"14zq27b\" data-start=\"2810\" data-end=\"2836\">H\u00e9bergement des donn\u00e9es<\/h3><p data-start=\"2838\" data-end=\"2863\">Le site est h\u00e9berg\u00e9 par :<\/p><p data-start=\"2865\" data-end=\"2917\">OVHcloud<br data-start=\"2873\" data-end=\"2876\" \/>2 rue Kellermann<br data-start=\"2892\" data-end=\"2895\" \/>59100 Roubaix \u2013 France<\/p><p data-start=\"2919\" data-end=\"2980\">Les donn\u00e9es sont h\u00e9berg\u00e9es sur des serveurs situ\u00e9s en Europe.<br \/><br \/><\/p><h3 data-section-id=\"5bbm09\" data-start=\"2987\" data-end=\"3010\">S\u00e9curit\u00e9 des donn\u00e9es<\/h3><p data-start=\"3012\" data-end=\"3120\">EcoHabitat met en \u0153uvre des mesures techniques et organisationnelles pour prot\u00e9ger vos donn\u00e9es personnelles.<br \/><br \/><\/p><h3 data-section-id=\"1w79714\" data-start=\"3127\" data-end=\"3140\">Vos droits<\/h3><p data-start=\"3142\" data-end=\"3199\">Conform\u00e9ment au RGPD, vous disposez des droits suivants :<\/p><ul data-start=\"3201\" data-end=\"3323\"><li data-section-id=\"sayirv\" data-start=\"3201\" data-end=\"3216\">droit d\u2019acc\u00e8s<\/li><li data-section-id=\"1oarsj9\" data-start=\"3217\" data-end=\"3241\">droit de rectification<\/li><li data-section-id=\"13qrd04\" data-start=\"3242\" data-end=\"3264\">droit de suppression<\/li><li data-section-id=\"sgvc5z\" data-start=\"3265\" data-end=\"3285\">droit d\u2019opposition<\/li><li data-section-id=\"1kayek5\" data-start=\"3286\" data-end=\"3323\">droit \u00e0 la limitation du traitement<\/li><\/ul><p data-start=\"3325\" data-end=\"3378\">Vous pouvez exercer ces droits \u00e0 l\u2019adresse suivante :<\/p><p data-start=\"3380\" data-end=\"3406\"><a class=\"decorated-link cursor-pointer\" href=\"mailto:contact@ecohabitat.corsica\" rel=\"noopener\" data-start=\"3380\" data-end=\"3406\">contact@ecohabitat.corsica<br \/><br \/><\/a><\/p><h3 data-section-id=\"9xnhyq\" data-start=\"3413\" data-end=\"3423\">Cookies<\/h3><p data-start=\"3425\" data-end=\"3528\">Le site peut utiliser des cookies pour am\u00e9liorer l\u2019exp\u00e9rience utilisateur et analyser la fr\u00e9quentation.<\/p><p data-start=\"3530\" data-end=\"3595\">Vous pouvez configurer votre navigateur pour refuser les cookies.<br \/><br \/><\/p><h3 data-section-id=\"16wzb81\" data-start=\"3602\" data-end=\"3633\">Modification de la politique<\/h3><p data-start=\"3635\" data-end=\"3769\">EcoHabitat peut modifier la pr\u00e9sente politique de confidentialit\u00e9 \u00e0 tout moment afin de garantir sa conformit\u00e9 avec la r\u00e9glementation.<\/p>\t\t\t\t\t\t\t\t<\/div>\n\t\t\t\t<\/div>\n\t\t<div class=\"elementor-element elementor-element-2d3659d e-con-full e-flex e-con e-child\" data-id=\"2d3659d\" data-element_type=\"container\" data-e-type=\"container\">\n\t\t\t\t<\/div>\n\t\t\t\t<\/div>\n\t\t\t\t\t<\/div>\n\t\t\t\t<\/div>\n\t\t\t\t\t<\/div>\n\t\t\t\t<\/div>\n\t\t\t\t<\/div>\n\t\t","protected":false},"excerpt":{"rendered":"<p>Politique de confidentialit\u00e9 La pr\u00e9sente politique de confidentialit\u00e9 d\u00e9crit comment EcoHabitat collecte et utilise vos donn\u00e9es personnelles conform\u00e9ment au R\u00e8glement G\u00e9n\u00e9ral sur la Protection des Donn\u00e9es (RGPD). Donn\u00e9es collect\u00e9es Lors de l\u2019utilisation du site, certaines donn\u00e9es peuvent \u00eatre collect\u00e9es : Nom Adresse email Num\u00e9ro de t\u00e9l\u00e9phone Informations relatives \u00e0 votre projet Adresse IP Ces donn\u00e9es [&hellip;]<\/p>\n","protected":false},"author":2,"featured_media":0,"parent":0,"menu_order":0,"comment_status":"closed","ping_status":"closed","template":"elementor_canvas","meta":{"content-type":"","footnotes":""},"class_list":["post-2905","page","type-page","status-publish","hentry"],"aioseo_notices":[],"_links":{"self":[{"href":"https:\/\/www.ecohabitat.corsica\/devnewsite2\/wp-json\/wp\/v2\/pages\/2905","targetHints":{"allow":["GET"]}}],"collection":[{"href":"https:\/\/www.ecohabitat.corsica\/devnewsite2\/wp-json\/wp\/v2\/pages"}],"about":[{"href":"https:\/\/www.ecohabitat.corsica\/devnewsite2\/wp-json\/wp\/v2\/types\/page"}],"author":[{"embeddable":true,"href":"https:\/\/www.ecohabitat.corsica\/devnewsite2\/wp-json\/wp\/v2\/users\/2"}],"replies":[{"embeddable":true,"href":"https:\/\/www.ecohabitat.corsica\/devnewsite2\/wp-json\/wp\/v2\/comments?post=2905"}],"version-history":[{"count":4,"href":"https:\/\/www.ecohabitat.corsica\/devnewsite2\/wp-json\/wp\/v2\/pages\/2905\/revisions"}],"predecessor-version":[{"id":2909,"href":"https:\/\/www.ecohabitat.corsica\/devnewsite2\/wp-json\/wp\/v2\/pages\/2905\/revisions\/2909"}],"wp:attachment":[{"href":"https:\/\/www.ecohabitat.corsica\/devnewsite2\/wp-json\/wp\/v2\/media?parent=2905"}],"curies":[{"name":"wp","href":"https:\/\/api.w.org\/{rel}","templated":true}]}}